 123.
41
What is the greatest common factor of 14686 and 112?
14
Calculate the highest common divisor of 46 and 115.
23
What is the greatest common factor of 148 and 4?
4
Calculate the highest common factor of 85 and 17.
17
What is the greatest common factor of 72 and 376?
8
Calculate the greatest common factor of 27 and 36.
9
What is the greatest common factor of 616 and 280?
56
Calculate the greatest common divisor of 12 and 12468.
12
Calculate the highest common factor of 2849 and 148.
37
Calculate the greatest common divisor of 1716 and 440.
44
Calculate the highest common divisor of 3028 and 20.
4
Calculate the greatest common factor of 96 and 2400.
96
What is the greatest common factor of 1458 and 216?
54
What is the greatest common factor of 117 and 351?
117
What is the greatest common factor of 3702 and 18?
6
Calculate the highest common factor of 24503 and 229.
229
Calculate the highest common factor of 2 and 299.
1
Calculate the highest common divisor of 961 and 279.
31
What is the highest common divisor of 629 and 333?
37
What is the highest common factor of 475 and 665?
95
Calculate the highest common divisor of 12 and 1689.
3
What is the greatest common divisor of 94 and 2?
2
What is the greatest common factor of 24 and 8496?
24
What is the highest common divisor of 18 and 5706?
18
Calculate the highest common factor of 1380 and 810.
30
Calculate the greatest common divisor of 4522 and 1190.
238
What is the greatest common divisor of 12 and 17112?
12
Calculate the highest common factor of 10 and 248.
2
Calculate the greatest common divisor of 7391 and 1556.
389
Calculate the greatest common factor of 27 and 1.
1
What is the greatest common divisor of 20 and 10?
10
What is the highest common factor of 111 and 222?
111
What is the highest common divisor of 5088 and 477?
159
What is the greatest common divisor of 135132 and 12?
12
What is the greatest common divisor of 123 and 697?
41
Calculate the greatest common factor of 18 and 18.
18
Calculate the highest common divisor of 42 and 474.
6
What is the highest common divisor of 1887 and 3219?
111
What is the greatest common factor of 144 and 3312?
144
Calculate the highest common factor of 21 and 5019.
21
Calculate the greatest common divisor of 1715 and 105.
35
Calculate the highest common factor of 1610 and 140.
70
Calculate the highest common divisor of 3200 and 15.
5
Calculate the highest common divisor of 56 and 16.
8
Calculate the highest common factor of 2 and 326.
2
Calculate the greatest common factor of 752 and 16.
16
What is the greatest common divisor of 943 and 23?
23
What is the greatest common factor of 31 and 403?
31
What is the greatest common factor of 11129 and 31?
31
What is the highest common factor of 112 and 32?
16
Calculate the greatest common divisor of 15 and 89.
1
What is the greatest common factor of 1340 and 4?
4
What is the greatest common factor of 980 and 3136?
196
What is the greatest common divisor of 168 and 2212?
28
Calculate the highest common factor of 58 and 1421.
29
What is the greatest common factor of 3840 and 15?
15
Calculate the greatest common factor of 65 and 10192.
13
What is the highest common factor of 11316 and 69?
69
Calculate the highest common divisor of 462 and 336.
42
What is the greatest common divisor of 3 and 21?
3
What is the greatest common factor of 1616 and 16?
16
Calculate the highest common divisor of 9 and 423.
9
Calculate the greatest common divisor of 2 and 31.
1
What is the greatest common divisor of 2516 and 1628?
148
What is the highest common factor of 234 and 78?
78
What is the greatest common factor of 273 and 1651?
13
What is the greatest common factor of 531 and 1357?
59
What is the greatest common divisor of 804 and 1152?
12
What is the highest common divisor of 31 and 2511?
31
Calculate the greatest common divisor of 46 and 529.
23
What is the greatest common factor of 72 and 1422?
18
What is the greatest common factor of 368 and 138?
46
What is the greatest common divisor of 15 and 1125?
15
Calculate the greatest common factor of 319 and 55.
11
Calculate the greatest common divisor of 161 and 1656.
23
Calculate the greatest common factor of 9 and 78.
3
Calculate the greatest common divisor of 3 and 246.
3
What is the greatest common divisor of 80 and 7760?
80
Calculate the greatest common divisor of 228 and 76.
76
Calculate the greatest common divisor of 513 and 285.
57
Calculate the greatest common divisor of 2881 and 201.
67
What is the highest common factor of 2512 and 64?
16
What is the greatest common factor of 336 and 432?
48
Calculate the greatest common divisor of 1722 and 2460.
246
What is the greatest common divisor of 720 and 1296?
144
What is the highest common factor of 81 and 9?
9
Calculate the greatest common divisor of 20 and 530.
10
What is the greatest common factor of 344 and 301?
43
Calculate the highest common divisor of 10 and 998.
2
What is the greatest common factor of 184 and 400?
8
What is the greatest common factor of 168 and 252?
84
What is the highest common divisor of 1300 and 500?
100
What is the highest common factor of 290 and 4408?
58
Calculate the highest common factor of 400 and 16.
16
Calculate the greatest common divisor of 121 and 11.
11
What is the greatest common factor of 3843 and 126?
63
Calculate the greatest common divisor of 49 and 24647.
49
What is the highest common factor of 450 and 3060?
90
Calculate the highest common divisor of 10 and 1865.
5
What is the highest common factor of 800 and 50?
50
What is the highest common divisor of 186 and 18?
6
Calculate the highest common factor of 26 and 2184.
26
Calculate the greatest common divisor of 309 and 2884.
103
What is the highest common factor of 265 and 53?
53
Calculate the highest common factor of 105 and 21.
21
What is the highest common factor of 109 and 71177?
109
What is the greatest common divisor of 420 and 280?
140
Calculate the highest common divisor of 105 and 645.
15
Calculate the highest common factor of 200 and 30.
10
What is the greatest common factor of 219 and 292?
73
Calculate the highest common divisor of 682 and 506.
22
Calculate the highest common divisor of 6352 and 32.
16
What is the greatest common divisor of 1625 and 845?
65
What is the highest common factor of 2407 and 58?
29
Calculate the greatest common factor of 360 and 81.
9
What is the greatest common factor of 11 and 1463?
11
Calculate the greatest common factor of 640 and 10.
10
What is the highest common divisor of 1071 and 630?
63
Calculate the highest common factor of 1953 and 1519.
217
Calculate the highest common divisor of 510 and 9588.
102
Calculate the greatest common factor of 12 and 84.
12
What is the greatest common factor of 5069 and 37?
37
What is the highest common factor of 2706 and 44?
22
Calculate the greatest common divisor of 1 and 49.
1
What is the highest common factor of 88 and 440?
88
What is the greatest common factor of 36 and 999?
9
What is the highest common divisor of 154 and 120274?
154
What is the highest common divisor of 64 and 120?
8
What is the highest common factor of 945 and 525?
105
What is the greatest common factor of 341 and 77?
11
Calculate the highest common divisor of 4965 and 15.
15
What is the greatest common divisor of 942 and 6?
6
What is the greatest common divisor of 24 and 348?
12
Calculate the highest common divisor of 972 and 12.
12
Calculate the highest common factor of 1144 and 32.
8
Calculate the highest common factor of 11066 and 22.
22
Calculate the greatest common divisor of 15 and 2.
1
What is the greatest common divisor of 378 and 144?
18
Calculate the highest common factor of 60 and 780.
60
What is the highest common divisor of 56 and 88?
8
Calculate the greatest common divisor of 1136 and 142.
142
Calculate the highest common divisor of 477 and 9.
9
What is the greatest common factor of 1467 and 9?
9
What is the highest common factor of 2028 and 24?
12
What is the greatest common factor of 8 and 100?
4
What is the greatest common factor of 192 and 36?
12
Calculate the highest common divisor of 3393 and 2223.
117
What is the greatest common factor of 142 and 8094?
142
Calculate the highest common divisor of 154 and 264.
22
Calculate the highest common factor of 2